{"id":79949,"date":"2026-09-04T10:24:11","date_gmt":"2026-09-04T10:24:11","guid":{"rendered":"https:\/\/albatrosrealestate.com\/property\/office-space-for-rent-of-60m2-in-bjelisi-bar-2\/"},"modified":"2026-09-04T10:28:02","modified_gmt":"2026-09-04T10:28:02","slug":"office-space-for-rent-of-60m2-in-bjelisi-bar-2","status":"publish","type":"property","link":"https:\/\/albatrosrealestate.com\/tr\/property\/office-space-for-rent-of-60m2-in-bjelisi-bar-2\/","title":{"rendered":"Bjeli\u0161e, Bar&#8217;da 60 m\u00b2&#8217;lik kiral\u0131k ofis alan\u0131"},"content":{"rendered":"<p>Bjeli\u0161e&#8217;nin merkezinde, trafo merkezine yak\u0131n, zemin katta 60 m2&#8217;lik ticari alan kiral\u0131kt\u0131r. Ticari alan resimlerde g\u00f6r\u00fcld\u00fc\u011f\u00fc gibidir. Yak\u0131nlarda pazar yeri bulunmad\u0131\u011f\u0131 ve Bjeli\u0161e&#8217;nin giderek daha pop\u00fcler bir yerle\u015fim yeri haline geldi\u011fi g\u00f6z \u00f6n\u00fcne al\u0131nd\u0131\u011f\u0131nda, pazar yeri i\u00e7in idealdir. Ayr\u0131ca depo olarak da kullan\u0131labilir. Ticari alan 3 ara\u00e7l\u0131k park yeri ile birlikte gelir.<\/p>\n<p>\u00d6deme, ilk kira art\u0131 depozito \u015feklindedir.<\/p>\n<p>E\u011fer m\u00fclkle ilgileniyorsan\u0131z, l\u00fctfen WhatsApp uygulamas\u0131 \u00fczerinden bana bir link g\u00f6nderin. Telefon numaram +38269218866 ve en k\u0131sa s\u00fcrede size cevap verece\u011fim. Ofis saatlerimiz Pazartesi-Cuma 09:00-16:00 aras\u0131d\u0131r. Crvena Banka&#8217;n\u0131n yak\u0131n\u0131nda, North Restaurant&#8217;\u0131n bulundu\u011fu s\u0131rada yer al\u0131yoruz. Bizi Google Haritalar&#8217;da bulabilirsiniz:<br \/>\nhttps:\/\/maps.app.goo.gl\/dkwrDyye5EAEWRJh9<\/p>\n","protected":false},"excerpt":{"rendered":"<p>Bjeli\u0161e&#8217;nin merkezinde, trafo merkezine yak\u0131n, zemin katta 60 m2&#8217;lik ticari alan kiral\u0131kt\u0131r. Ticari alan resimlerde g\u00f6r\u00fcld\u00fc\u011f\u00fc gibidir. Yak\u0131nlarda pazar yeri bulunmad\u0131\u011f\u0131 ve Bjeli\u0161e&#8217;nin giderek daha pop\u00fcler bir yerle\u015fim yeri haline geldi\u011fi g\u00f6z \u00f6n\u00fcne al\u0131nd\u0131\u011f\u0131nda, pazar yeri i\u00e7in idealdir. Ayr\u0131ca depo olarak da kullan\u0131labilir. Ticari alan 3 ara\u00e7l\u0131k park yeri ile birlikte gelir. \u00d6deme, ilk kira [&hellip;]<\/p>\n","protected":false},"author":9,"featured_media":71171,"parent":0,"menu_order":0,"template":"","property_type":[481],"property_status":[485],"property_feature":[457],"property_label":[493],"property_city":[509],"property_area":[557],"class_list":["post-79949","property","type-property","status-publish","has-post-thumbnail","hentry","property_type-isyerleri","property_status-uzun-donem-kiralama","property_feature-garaj","property_label-eski-insaat","property_city-bar-tr","property_area-bjelisi-tr"],"property_meta":{"rank_math_internal_links_processed":["1"],"_wpml_word_count":["{\"total\":131,\"to_translate\":{\"en\":131,\"de\":131,\"me\":131,\"ru\":131}}"],"houzez_geolocation_lat":["42.0912106"],"houzez_geolocation_long":["19.089904"],"houzez_featured_listing_date":[""],"fave_loggedintoview":["0"],"_aioseo_title":[""],"_aioseo_description":[""],"_aioseo_keywords":["a:0:{}"],"_aioseo_og_title":[""],"_aioseo_og_description":[""],"_aioseo_og_article_section":[""],"_aioseo_og_article_tags":["a:0:{}"],"_aioseo_twitter_title":[""],"_aioseo_twitter_description":[""],"_monsterinsights_sitenote_active":["0"],"_houzez_expiration_date_status":["saved"],"_wpml_media_duplicate":["0"],"_wpml_media_featured":["0"],"fave_private_note":["Vlasnik : Sadet Dupljak\r\nKontakt : +38267566975"],"rank_math_title":[""],"rank_math_description":[""],"rank_math_facebook_title":[""],"rank_math_facebook_description":[""],"rank_math_facebook_image":[""],"rank_math_twitter_title":[""],"rank_math_twitter_description":[""],"rank_math_twitter_image":[""],"rank_math_twitter_use_facebook":["off"],"rank_math_seo_score":["11"],"rank_math_contentai_score":["a:5:{s:8:\"keywords\";s:5:\"74.51\";s:9:\"wordCount\";s:1:\"0\";s:9:\"linkCount\";s:1:\"0\";s:12:\"headingCount\";s:1:\"0\";s:10:\"mediaCount\";s:1:\"0\";}"],"_oembed_e9e8cefd460d71f0b541bd8895a36a9c":["{{unknown}}"],"_thumbnail_id":["71171"],"_edit_lock":["1788517715:9"],"_edit_last":["9"],"fave_property_images":["71142","71147","71152","71157","71162"],"om_disable_all_campaigns":[""],"houzez_manual_expire":["0"],"fave_property_price":["300"],"fave_property_price_postfix":["monthly"],"fave_property_size":["60"],"fave_property_size_prefix":["m\u00b2"],"fave_property_land":["100"],"fave_property_bathrooms":["1"],"fave_property_garage":["2"],"fave_property_id":["AZ-346"],"fave_property_map":["0"],"fave_property_map_address":["Bar, Montenegro"],"fave_property_location":["42.0912106,19.089904,15"],"fave_property_map_street_view":["hide"],"fave_featured":["0"],"fave_agent_display_option":["agent_info"],"fave_agents":["46913"],"fave_prop_homeslider":["no"],"fave_single_top_area":["global"],"fave_single_content_area":["global"],"_last_translation_edit_mode":["native-editor"],"houzez_total_property_views":["6"],"houzez_views_by_date":["a:2:{s:10:\"09-04-2026\";i:3;s:10:\"09-05-2026\";i:3;}"],"houzez_recently_viewed":["2026-09-05 07:03:29"]},"_links":{"self":[{"href":"https:\/\/albatrosrealestate.com\/tr\/wp-json\/wp\/v2\/properties\/79949","targetHints":{"allow":["GET"]}}],"collection":[{"href":"https:\/\/albatrosrealestate.com\/tr\/wp-json\/wp\/v2\/properties"}],"about":[{"href":"https:\/\/albatrosrealestate.com\/tr\/wp-json\/wp\/v2\/types\/property"}],"author":[{"embeddable":true,"href":"https:\/\/albatrosrealestate.com\/tr\/wp-json\/wp\/v2\/users\/9"}],"version-history":[{"count":1,"href":"https:\/\/albatrosrealestate.com\/tr\/wp-json\/wp\/v2\/properties\/79949\/revisions"}],"predecessor-version":[{"id":79952,"href":"https:\/\/albatrosrealestate.com\/tr\/wp-json\/wp\/v2\/properties\/79949\/revisions\/79952"}],"wp:featuredmedia":[{"embeddable":true,"href":"https:\/\/albatrosrealestate.com\/tr\/wp-json\/wp\/v2\/media\/71171"}],"wp:attachment":[{"href":"https:\/\/albatrosrealestate.com\/tr\/wp-json\/wp\/v2\/media?parent=79949"}],"wp:term":[{"taxonomy":"property_type","embeddable":true,"href":"https:\/\/albatrosrealestate.com\/tr\/wp-json\/wp\/v2\/property_type?post=79949"},{"taxonomy":"property_status","embeddable":true,"href":"https:\/\/albatrosrealestate.com\/tr\/wp-json\/wp\/v2\/property_status?post=79949"},{"taxonomy":"property_feature","embeddable":true,"href":"https:\/\/albatrosrealestate.com\/tr\/wp-json\/wp\/v2\/property_feature?post=79949"},{"taxonomy":"property_label","embeddable":true,"href":"https:\/\/albatrosrealestate.com\/tr\/wp-json\/wp\/v2\/property_label?post=79949"},{"taxonomy":"property_city","embeddable":true,"href":"https:\/\/albatrosrealestate.com\/tr\/wp-json\/wp\/v2\/property_city?post=79949"},{"taxonomy":"property_area","embeddable":true,"href":"https:\/\/albatrosrealestate.com\/tr\/wp-json\/wp\/v2\/property_area?post=79949"}],"curies":[{"name":"wp","href":"https:\/\/api.w.org\/{rel}","templated":true}]}}

Bjeliše, Bar&#8217;da 60 m²&#8217;lik kiralık ofis alanı

<p>Bjeliše&#8217;nin merkezinde, trafo merkezine yakın, zemin katta 60 m2&#8217;lik ticari alan kiralıktır. Ticari alan resimlerde görüldüğü gibidir. Yakınlarda pazar yeri bulunmadığı ve Bjeliše&#8217;nin giderek daha popüler bir yerleşim yeri haline geldiği göz önüne alındığında, pazar yeri için idealdir. Ayrıca depo olarak da kullanılabilir. Ticari alan 3 araçlık park yeri ile birlikte gelir.</p>
<p>Ödeme, ilk kira artı depozito şeklindedir.</p>
<p>Eğer mülkle ilgileniyorsanız, lütfen WhatsApp uygulaması üzerinden bana bir link gönderin. Telefon numaram +38269218866 ve en kısa sürede size cevap vereceğim. Ofis saatlerimiz Pazartesi-Cuma 09:00-16:00 arasıdır. Crvena Banka&#8217;nın yakınında, North Restaurant&#8217;ın bulunduğu sırada yer alıyoruz. Bizi Google Haritalar&#8217;da bulabilirsiniz:<br />
https://maps.app.goo.gl/dkwrDyye5EAEWRJh9</p>

<p>Bjeliše&#8217;nin merkezinde, trafo merkezine yakın, zemin katta 60 m2&#8217;lik ticari alan kiralıktır. Ticari alan resimlerde görüldüğü gibidir. Yakınlarda pazar yeri bulunmadığı ve Bjeliše&#8217;nin giderek daha popüler bir yerleşim yeri haline geldiği göz önüne alındığında, pazar yeri için idealdir. Ayrıca depo olarak da kullanılabilir. Ticari alan 3 araçlık park yeri ile birlikte gelir. Ödeme, ilk kira [&hellip;]</p>
