{"id":79443,"date":"2026-09-03T10:55:04","date_gmt":"2026-09-03T10:55:04","guid":{"rendered":"https:\/\/albatrosrealestate.com\/property\/3bd-apartment-of-65m2-for-rent-in-susanj-bar\/"},"modified":"2026-09-03T11:07:04","modified_gmt":"2026-09-03T11:07:04","slug":"3bd-apartment-of-65m2-for-rent-in-susanj-bar","status":"publish","type":"property","link":"https:\/\/albatrosrealestate.com\/tr\/property\/3bd-apartment-of-65m2-for-rent-in-susanj-bar\/","title":{"rendered":"Susanj, Bar&#8217;da 65m\u00b2&#8217;lik 3 yatak odal\u0131 daire kiral\u0131k"},"content":{"rendered":"<p>\u015eu\u015fanj&#8217;da, Anto \u0110edovi\u0107 okuluna yak\u0131n, 65 m\u00b2&#8217;lik \u00fc\u00e7 yatak odal\u0131 bir daire kiral\u0131kt\u0131r. Daire, denize ve \u015fehir merkezine yak\u0131n, harika bir konumda yer almaktad\u0131r. Resimlerde g\u00f6r\u00fcld\u00fc\u011f\u00fc gibi e\u015fyal\u0131d\u0131r ve 3 yatak odas\u0131, bir oturma odas\u0131, bir mutfak ve bir banyodan olu\u015fmaktad\u0131r.<\/p>\n<p>Daire y\u0131l boyunca kiralanmaktad\u0131r ve fiyat\u0131 ayl\u0131k 400 euro art\u0131 faturalard\u0131r. \u00d6deme, ilk kira art\u0131 depozito \u015feklindedir.<\/p>\n<p>E\u011fer ilgileniyorsan\u0131z, l\u00fctfen WhatsApp uygulamas\u0131 \u00fczerinden bana bir link g\u00f6nderin. Telefon numaram +38269218866 ve en k\u0131sa s\u00fcrede size cevap verece\u011fim. \u00c7al\u0131\u015fma saatlerimiz Pazartesi-Cuma 09:00-16:00 aras\u0131d\u0131r. Crvena Bankas\u0131&#8217;n\u0131n yak\u0131n\u0131nda, Sjever restoran\u0131n\u0131n bulundu\u011fu s\u0131rada yer al\u0131yoruz. Bizi Google Haritalar&#8217;da bulabilirsiniz:<br \/>\nhttps:\/\/maps.app.goo.gl\/dkwrDyye5EAEWRJh9<\/p>\n","protected":false},"excerpt":{"rendered":"<p>\u015eu\u015fanj&#8217;da, Anto \u0110edovi\u0107 okuluna yak\u0131n, 65 m\u00b2&#8217;lik \u00fc\u00e7 yatak odal\u0131 bir daire kiral\u0131kt\u0131r. Daire, denize ve \u015fehir merkezine yak\u0131n, harika bir konumda yer almaktad\u0131r. Resimlerde g\u00f6r\u00fcld\u00fc\u011f\u00fc gibi e\u015fyal\u0131d\u0131r ve 3 yatak odas\u0131, bir oturma odas\u0131, bir mutfak ve bir banyodan olu\u015fmaktad\u0131r. Daire y\u0131l boyunca kiralanmaktad\u0131r ve fiyat\u0131 ayl\u0131k 400 euro art\u0131 faturalard\u0131r. \u00d6deme, ilk kira [&hellip;]<\/p>\n","protected":false},"author":9,"featured_media":79375,"parent":0,"menu_order":0,"template":"","property_type":[469],"property_status":[485],"property_feature":[449,447],"property_label":[495],"property_city":[509],"property_area":[631],"class_list":["post-79443","property","type-property","status-publish","has-post-thumbnail","hentry","property_type-daire","property_status-uzun-donem-kiralama","property_feature-balkon-tr","property_feature-klima","property_label-yeni-yapilmis-insaat","property_city-bar-tr","property_area-susanj-tr"],"property_meta":{"_wpml_word_count":["{\"total\":162,\"to_translate\":{\"de\":162,\"me\":162,\"ru\":162,\"tr\":162}}"],"rank_math_internal_links_processed":["1"],"rank_math_seo_score":["11"],"rank_math_contentai_score":["a:5:{s:8:\"keywords\";s:5:\"74.51\";s:9:\"wordCount\";s:1:\"0\";s:9:\"linkCount\";s:1:\"0\";s:12:\"headingCount\";s:1:\"0\";s:10:\"mediaCount\";s:1:\"0\";}"],"houzez_geolocation_lat":["42.1162811"],"houzez_geolocation_long":["19.0931387"],"houzez_featured_listing_date":[""],"fave_loggedintoview":["0"],"_monsterinsights_sitenote_active":["0"],"_houzez_expiration_date_status":["saved"],"_wpml_media_duplicate":["0"],"_wpml_media_featured":["0"],"_oembed_e9e8cefd460d71f0b541bd8895a36a9c":["{{unknown}}"],"_last_translation_edit_mode":["native-editor"],"_thumbnail_id":["79375"],"_edit_lock":["1788433505:9"],"_edit_last":["9"],"fave_property_images":["79371","79376","79381","79386","79391","79396","79401","79416","79421","79411"],"om_disable_all_campaigns":[""],"houzez_manual_expire":["0"],"fave_property_price":["400"],"fave_property_price_postfix":["monthly"],"fave_property_size":["65"],"fave_property_size_prefix":["m\u00b2"],"fave_property_bedrooms":["3"],"fave_property_bathrooms":["1"],"fave_property_id":["AZ-339"],"fave_property_map":["0"],"fave_property_map_address":["\u0160u\u0161anj, Op\u0161tina Bar, Crna Gora \/ \u0426\u0440\u043d\u0430 \u0413\u043e\u0440\u0430"],"fave_property_location":["42.1162811,19.0931387,15"],"fave_property_map_street_view":["hide"],"fave_featured":["0"],"fave_agent_display_option":["agent_info"],"fave_agents":["46913"],"fave_prop_homeslider":["no"],"fave_single_top_area":["global"],"fave_single_content_area":["global"],"houzez_total_property_views":["5"],"houzez_views_by_date":["a:2:{s:10:\"09-03-2026\";i:3;s:10:\"09-04-2026\";i:2;}"],"houzez_recently_viewed":["2026-09-04 05:59:49"]},"_links":{"self":[{"href":"https:\/\/albatrosrealestate.com\/tr\/wp-json\/wp\/v2\/properties\/79443","targetHints":{"allow":["GET"]}}],"collection":[{"href":"https:\/\/albatrosrealestate.com\/tr\/wp-json\/wp\/v2\/properties"}],"about":[{"href":"https:\/\/albatrosrealestate.com\/tr\/wp-json\/wp\/v2\/types\/property"}],"author":[{"embeddable":true,"href":"https:\/\/albatrosrealestate.com\/tr\/wp-json\/wp\/v2\/users\/9"}],"version-history":[{"count":1,"href":"https:\/\/albatrosrealestate.com\/tr\/wp-json\/wp\/v2\/properties\/79443\/revisions"}],"predecessor-version":[{"id":79444,"href":"https:\/\/albatrosrealestate.com\/tr\/wp-json\/wp\/v2\/properties\/79443\/revisions\/79444"}],"wp:featuredmedia":[{"embeddable":true,"href":"https:\/\/albatrosrealestate.com\/tr\/wp-json\/wp\/v2\/media\/79375"}],"wp:attachment":[{"href":"https:\/\/albatrosrealestate.com\/tr\/wp-json\/wp\/v2\/media?parent=79443"}],"wp:term":[{"taxonomy":"property_type","embeddable":true,"href":"https:\/\/albatrosrealestate.com\/tr\/wp-json\/wp\/v2\/property_type?post=79443"},{"taxonomy":"property_status","embeddable":true,"href":"https:\/\/albatrosrealestate.com\/tr\/wp-json\/wp\/v2\/property_status?post=79443"},{"taxonomy":"property_feature","embeddable":true,"href":"https:\/\/albatrosrealestate.com\/tr\/wp-json\/wp\/v2\/property_feature?post=79443"},{"taxonomy":"property_label","embeddable":true,"href":"https:\/\/albatrosrealestate.com\/tr\/wp-json\/wp\/v2\/property_label?post=79443"},{"taxonomy":"property_city","embeddable":true,"href":"https:\/\/albatrosrealestate.com\/tr\/wp-json\/wp\/v2\/property_city?post=79443"},{"taxonomy":"property_area","embeddable":true,"href":"https:\/\/albatrosrealestate.com\/tr\/wp-json\/wp\/v2\/property_area?post=79443"}],"curies":[{"name":"wp","href":"https:\/\/api.w.org\/{rel}","templated":true}]}}

Susanj, Bar&#8217;da 65m²&#8217;lik 3 yatak odalı daire kiralık

<p>Şuşanj&#8217;da, Anto Đedović okuluna yakın, 65 m²&#8217;lik üç yatak odalı bir daire kiralıktır. Daire, denize ve şehir merkezine yakın, harika bir konumda yer almaktadır. Resimlerde görüldüğü gibi eşyalıdır ve 3 yatak odası, bir oturma odası, bir mutfak ve bir banyodan oluşmaktadır.</p>
<p>Daire yıl boyunca kiralanmaktadır ve fiyatı aylık 400 euro artı faturalardır. Ödeme, ilk kira artı depozito şeklindedir.</p>
<p>Eğer ilgileniyorsanız, lütfen WhatsApp uygulaması üzerinden bana bir link gönderin. Telefon numaram +38269218866 ve en kısa sürede size cevap vereceğim. Çalışma saatlerimiz Pazartesi-Cuma 09:00-16:00 arasıdır. Crvena Bankası&#8217;nın yakınında, Sjever restoranının bulunduğu sırada yer alıyoruz. Bizi Google Haritalar&#8217;da bulabilirsiniz:<br />
https://maps.app.goo.gl/dkwrDyye5EAEWRJh9</p>

<p>Şuşanj&#8217;da, Anto Đedović okuluna yakın, 65 m²&#8217;lik üç yatak odalı bir daire kiralıktır. Daire, denize ve şehir merkezine yakın, harika bir konumda yer almaktadır. Resimlerde görüldüğü gibi eşyalıdır ve 3 yatak odası, bir oturma odası, bir mutfak ve bir banyodan oluşmaktadır. Daire yıl boyunca kiralanmaktadır ve fiyatı aylık 400 euro artı faturalardır. Ödeme, ilk kira [&hellip;]</p>

Šušanj, Opština Bar, Crna Gora / Црна Гора
