{"id":79947,"date":"2026-09-04T10:24:11","date_gmt":"2026-09-04T10:24:11","guid":{"rendered":"https:\/\/albatrosrealestate.com\/property\/office-space-for-rent-of-60m2-in-bjelisi-bar-2\/"},"modified":"2026-09-04T10:26:10","modified_gmt":"2026-09-04T10:26:10","slug":"office-space-for-rent-of-60m2-in-bjelisi-bar-2","status":"publish","type":"property","link":"https:\/\/albatrosrealestate.com\/de\/property\/office-space-for-rent-of-60m2-in-bjelisi-bar-2\/","title":{"rendered":"B\u00fcrofl\u00e4che, 60 m\u00b2, in Bjeli\u0161e zu vermieten"},"content":{"rendered":"<p>Gewerbefl\u00e4che im Zentrum von Bjeli\u0161e, in der N\u00e4he des Umspannwerks, im Erdgeschoss, 60 m\u00b2, zu vermieten. Die Fl\u00e4che ist wie abgebildet zu erwerben. Sie eignet sich ideal f\u00fcr einen Markt, da es in der N\u00e4he keinen Markt gibt und Bjeli\u0161e sich zu einem immer beliebteren Wohnort entwickelt. Die Fl\u00e4che kann auch als Lager genutzt werden. Drei Parkpl\u00e4tze sind vorhanden.<\/p>\n<p>Die Zahlung setzt sich aus der ersten Monatsmiete und einer Kaution zusammen.<\/p>\n<p>Bei Interesse senden Sie mir bitte einen Link \u00fcber WhatsApp. Meine Telefonnummer ist +38269218866. Ich melde mich schnellstm\u00f6glich bei Ihnen. Unsere B\u00fcrozeiten sind Montag bis Freitag von 9:00 bis 16:00 Uhr. Wir befinden uns in der N\u00e4he der Crvena Banka, in der Reihe mit dem Restaurant North. Sie finden uns auf Google Maps:<br \/>\nhttps:\/\/maps.app.goo.gl\/dkwrDyye5EAEWRJh9<\/p>\n","protected":false},"excerpt":{"rendered":"<p>Gewerbefl\u00e4che im Zentrum von Bjeli\u0161e, in der N\u00e4he des Umspannwerks, im Erdgeschoss, 60 m\u00b2, zu vermieten. Die Fl\u00e4che ist wie abgebildet zu erwerben. Sie eignet sich ideal f\u00fcr einen Markt, da es in der N\u00e4he keinen Markt gibt und Bjeli\u0161e sich zu einem immer beliebteren Wohnort entwickelt. Die Fl\u00e4che kann auch als Lager genutzt werden. [&hellip;]<\/p>\n","protected":false},"author":9,"featured_media":71168,"parent":0,"menu_order":0,"template":"","property_type":[507],"property_status":[650],"property_feature":[642],"property_label":[634],"property_city":[508],"property_area":[556],"class_list":["post-79947","property","type-property","status-publish","has-post-thumbnail","hentry","property_type-geschaeftsraeume","property_status-langfristige-miete-de","property_feature-garage-de","property_label-altbau","property_city-bar-de","property_area-bjelisi-de"],"property_meta":{"rank_math_internal_links_processed":["1"],"_wpml_word_count":["{\"total\":166,\"to_translate\":{\"de\":166,\"me\":166,\"ru\":166,\"tr\":166}}"],"houzez_geolocation_lat":["42.0912106"],"houzez_geolocation_long":["19.089904"],"houzez_featured_listing_date":[""],"fave_loggedintoview":["0"],"_aioseo_title":[""],"_aioseo_description":[""],"_aioseo_keywords":["a:0:{}"],"_aioseo_og_title":[""],"_aioseo_og_description":[""],"_aioseo_og_article_section":[""],"_aioseo_og_article_tags":["a:0:{}"],"_aioseo_twitter_title":[""],"_aioseo_twitter_description":[""],"_monsterinsights_sitenote_active":["0"],"_houzez_expiration_date_status":["saved"],"_wpml_media_duplicate":["0"],"_wpml_media_featured":["0"],"fave_private_note":["Vlasnik : Sadet Dupljak\r\nKontakt : +38267566975"],"rank_math_title":[""],"rank_math_description":[""],"rank_math_facebook_title":[""],"rank_math_facebook_description":[""],"rank_math_facebook_image":[""],"rank_math_twitter_title":[""],"rank_math_twitter_description":[""],"rank_math_twitter_image":[""],"rank_math_twitter_use_facebook":["off"],"rank_math_seo_score":["11"],"rank_math_contentai_score":["a:5:{s:8:\"keywords\";s:5:\"74.51\";s:9:\"wordCount\";s:1:\"0\";s:9:\"linkCount\";s:1:\"0\";s:12:\"headingCount\";s:1:\"0\";s:10:\"mediaCount\";s:1:\"0\";}"],"_oembed_e9e8cefd460d71f0b541bd8895a36a9c":["{{unknown}}"],"_thumbnail_id":["71168"],"_edit_lock":["1788517447:9"],"_edit_last":["9"],"fave_property_images":["71142","71147","71152","71157","71162"],"om_disable_all_campaigns":[""],"houzez_manual_expire":["0"],"fave_property_price":["300"],"fave_property_price_postfix":["monthly"],"fave_property_size":["60"],"fave_property_size_prefix":["m\u00b2"],"fave_property_land":["100"],"fave_property_bathrooms":["1"],"fave_property_garage":["2"],"fave_property_id":["AZ-346"],"fave_property_map":["0"],"fave_property_map_address":["Bar, Montenegro"],"fave_property_location":["42.0912106,19.089904,15"],"fave_property_map_street_view":["hide"],"fave_featured":["0"],"fave_agent_display_option":["agent_info"],"fave_agents":["46913"],"fave_prop_homeslider":["no"],"fave_single_top_area":["global"],"fave_single_content_area":["global"],"_last_translation_edit_mode":["native-editor"],"houzez_total_property_views":["5"],"houzez_views_by_date":["a:2:{s:10:\"09-04-2026\";i:2;s:10:\"09-05-2026\";i:3;}"],"houzez_recently_viewed":["2026-09-05 06:20:32"]},"_links":{"self":[{"href":"https:\/\/albatrosrealestate.com\/de\/wp-json\/wp\/v2\/properties\/79947","targetHints":{"allow":["GET"]}}],"collection":[{"href":"https:\/\/albatrosrealestate.com\/de\/wp-json\/wp\/v2\/properties"}],"about":[{"href":"https:\/\/albatrosrealestate.com\/de\/wp-json\/wp\/v2\/types\/property"}],"author":[{"embeddable":true,"href":"https:\/\/albatrosrealestate.com\/de\/wp-json\/wp\/v2\/users\/9"}],"version-history":[{"count":1,"href":"https:\/\/albatrosrealestate.com\/de\/wp-json\/wp\/v2\/properties\/79947\/revisions"}],"predecessor-version":[{"id":79950,"href":"https:\/\/albatrosrealestate.com\/de\/wp-json\/wp\/v2\/properties\/79947\/revisions\/79950"}],"wp:featuredmedia":[{"embeddable":true,"href":"https:\/\/albatrosrealestate.com\/de\/wp-json\/wp\/v2\/media\/71168"}],"wp:attachment":[{"href":"https:\/\/albatrosrealestate.com\/de\/wp-json\/wp\/v2\/media?parent=79947"}],"wp:term":[{"taxonomy":"property_type","embeddable":true,"href":"https:\/\/albatrosrealestate.com\/de\/wp-json\/wp\/v2\/property_type?post=79947"},{"taxonomy":"property_status","embeddable":true,"href":"https:\/\/albatrosrealestate.com\/de\/wp-json\/wp\/v2\/property_status?post=79947"},{"taxonomy":"property_feature","embeddable":true,"href":"https:\/\/albatrosrealestate.com\/de\/wp-json\/wp\/v2\/property_feature?post=79947"},{"taxonomy":"property_label","embeddable":true,"href":"https:\/\/albatrosrealestate.com\/de\/wp-json\/wp\/v2\/property_label?post=79947"},{"taxonomy":"property_city","embeddable":true,"href":"https:\/\/albatrosrealestate.com\/de\/wp-json\/wp\/v2\/property_city?post=79947"},{"taxonomy":"property_area","embeddable":true,"href":"https:\/\/albatrosrealestate.com\/de\/wp-json\/wp\/v2\/property_area?post=79947"}],"curies":[{"name":"wp","href":"https:\/\/api.w.org\/{rel}","templated":true}]}}

Bürofläche, 60 m², in Bjeliše zu vermieten

<p>Gewerbefläche im Zentrum von Bjeliše, in der Nähe des Umspannwerks, im Erdgeschoss, 60 m², zu vermieten. Die Fläche ist wie abgebildet zu erwerben. Sie eignet sich ideal für einen Markt, da es in der Nähe keinen Markt gibt und Bjeliše sich zu einem immer beliebteren Wohnort entwickelt. Die Fläche kann auch als Lager genutzt werden. Drei Parkplätze sind vorhanden.</p>
<p>Die Zahlung setzt sich aus der ersten Monatsmiete und einer Kaution zusammen.</p>
<p>Bei Interesse senden Sie mir bitte einen Link über WhatsApp. Meine Telefonnummer ist +38269218866. Ich melde mich schnellstmöglich bei Ihnen. Unsere Bürozeiten sind Montag bis Freitag von 9:00 bis 16:00 Uhr. Wir befinden uns in der Nähe der Crvena Banka, in der Reihe mit dem Restaurant North. Sie finden uns auf Google Maps:<br />
https://maps.app.goo.gl/dkwrDyye5EAEWRJh9</p>

<p>Gewerbefläche im Zentrum von Bjeliše, in der Nähe des Umspannwerks, im Erdgeschoss, 60 m², zu vermieten. Die Fläche ist wie abgebildet zu erwerben. Sie eignet sich ideal für einen Markt, da es in der Nähe keinen Markt gibt und Bjeliše sich zu einem immer beliebteren Wohnort entwickelt. Die Fläche kann auch als Lager genutzt werden. [&hellip;]</p>
