{"id":79930,"date":"2026-09-04T09:21:51","date_gmt":"2026-09-04T09:21:51","guid":{"rendered":"https:\/\/albatrosrealestate.com\/property\/a-22m%c2%b2-business-space-is-for-rent-in-the-center-of-bar\/"},"modified":"2026-09-04T10:10:05","modified_gmt":"2026-09-04T10:10:05","slug":"a-22m%c2%b2-business-space-is-for-rent-in-the-center-of-bar","status":"publish","type":"property","link":"https:\/\/albatrosrealestate.com\/de\/property\/a-22m%c2%b2-business-space-is-for-rent-in-the-center-of-bar\/","title":{"rendered":"Eine 22 m\u00b2 gro\u00dfe Gewerbefl\u00e4che im Zentrum von Bar ist zu vermieten"},"content":{"rendered":"<p>Ich vermiete eine 22 m\u00b2 gro\u00dfe Gewerbefl\u00e4che im Erdgeschoss eines Geb\u00e4udes in der N\u00e4he des Gr\u00fcnen Marktes. Die Fl\u00e4che entspricht den Bildern. Sie verf\u00fcgt \u00fcber ein Badezimmer und einen gro\u00dfen K\u00fchlschrank f\u00fcr Fleisch, der auf Wunsch im Mietpreis enthalten ist.<br \/>\nDie Gewerbefl\u00e4che wird ganzj\u00e4hrig vermietet und kostet 350 Euro pro Monat zuz\u00fcglich Nebenkosten. Die Zahlung setzt sich aus der ersten Monatsmiete und einer Kaution zusammen.<\/p>\n<p>Bei Interesse senden Sie mir bitte einen Link \u00fcber WhatsApp. Meine Telefonnummer ist +38269218866. Ich melde mich schnellstm\u00f6glich bei Ihnen. Unsere B\u00fcrozeiten sind Montag bis Freitag von 8:00 bis 16:00 Uhr. Wir befinden uns in der N\u00e4he der Cryena Banka, in der Reihe mit dem Restaurant North. Sie finden uns auf Google Maps: https:\/\/maps.app.goo.gl\/dkwrDyye5EAEWRJh9<\/p>\n","protected":false},"excerpt":{"rendered":"<p>Ich vermiete eine 22 m\u00b2 gro\u00dfe Gewerbefl\u00e4che im Erdgeschoss eines Geb\u00e4udes in der N\u00e4he des Gr\u00fcnen Marktes. Die Fl\u00e4che entspricht den Bildern. Sie verf\u00fcgt \u00fcber ein Badezimmer und einen gro\u00dfen K\u00fchlschrank f\u00fcr Fleisch, der auf Wunsch im Mietpreis enthalten ist. Die Gewerbefl\u00e4che wird ganzj\u00e4hrig vermietet und kostet 350 Euro pro Monat zuz\u00fcglich Nebenkosten. Die Zahlung [&hellip;]<\/p>\n","protected":false},"author":9,"featured_media":79890,"parent":0,"menu_order":0,"template":"","property_type":[507],"property_status":[650],"property_feature":[636],"property_label":[635],"property_city":[508],"property_area":[566],"class_list":["post-79930","property","type-property","status-publish","has-post-thumbnail","hentry","property_type-geschaeftsraeume","property_status-langfristige-miete-de","property_feature-klimaanlage-de","property_label-neuere-bauweise-de","property_city-bar-de","property_area-center-bar-de"],"property_meta":{"_wpml_word_count":["{\"total\":167,\"to_translate\":{\"de\":167,\"me\":167,\"ru\":167,\"tr\":167}}"],"rank_math_seo_score":["11"],"rank_math_contentai_score":["a:5:{s:8:\"keywords\";s:5:\"74.51\";s:9:\"wordCount\";s:1:\"0\";s:9:\"linkCount\";s:1:\"0\";s:12:\"headingCount\";s:1:\"0\";s:10:\"mediaCount\";s:1:\"0\";}"],"houzez_geolocation_lat":["42.0979745"],"houzez_geolocation_long":["19.0954528"],"houzez_featured_listing_date":[""],"fave_loggedintoview":["0"],"_monsterinsights_sitenote_active":["0"],"rank_math_internal_links_processed":["1"],"_houzez_expiration_date_status":["saved"],"_wpml_media_duplicate":["0"],"_wpml_media_featured":["0"],"_last_translation_edit_mode":["native-editor"],"_thumbnail_id":["79890"],"_edit_lock":["1788516503:9"],"_edit_last":["9"],"om_disable_all_campaigns":[""],"houzez_manual_expire":["0"],"fave_property_images":["79894","79899","79909"],"fave_property_price":["350"],"fave_property_price_postfix":["monthly"],"fave_property_size":["22"],"fave_property_size_prefix":["m\u00b2"],"fave_property_bathrooms":["1"],"fave_property_id":["AZ-345"],"fave_property_map":["0"],"fave_property_map_address":["Bar, Op\u0161tina Bar, Crna Gora \/ \u0426\u0440\u043d\u0430 \u0413\u043e\u0440\u0430"],"fave_property_location":["42.0979745,19.0954528,15"],"fave_property_map_street_view":["hide"],"fave_featured":["0"],"fave_agent_display_option":["agent_info"],"fave_agents":["46913"],"fave_prop_homeslider":["no"],"fave_single_top_area":["global"],"fave_single_content_area":["global"],"houzez_total_property_views":["10"],"houzez_views_by_date":["a:3:{s:10:\"09-04-2026\";i:3;s:10:\"09-05-2026\";i:4;s:10:\"09-06-2026\";i:3;}"],"houzez_recently_viewed":["2026-09-06 08:03:37"]},"_links":{"self":[{"href":"https:\/\/albatrosrealestate.com\/de\/wp-json\/wp\/v2\/properties\/79930","targetHints":{"allow":["GET"]}}],"collection":[{"href":"https:\/\/albatrosrealestate.com\/de\/wp-json\/wp\/v2\/properties"}],"about":[{"href":"https:\/\/albatrosrealestate.com\/de\/wp-json\/wp\/v2\/types\/property"}],"author":[{"embeddable":true,"href":"https:\/\/albatrosrealestate.com\/de\/wp-json\/wp\/v2\/users\/9"}],"version-history":[{"count":1,"href":"https:\/\/albatrosrealestate.com\/de\/wp-json\/wp\/v2\/properties\/79930\/revisions"}],"predecessor-version":[{"id":79931,"href":"https:\/\/albatrosrealestate.com\/de\/wp-json\/wp\/v2\/properties\/79930\/revisions\/79931"}],"wp:featuredmedia":[{"embeddable":true,"href":"https:\/\/albatrosrealestate.com\/de\/wp-json\/wp\/v2\/media\/79890"}],"wp:attachment":[{"href":"https:\/\/albatrosrealestate.com\/de\/wp-json\/wp\/v2\/media?parent=79930"}],"wp:term":[{"taxonomy":"property_type","embeddable":true,"href":"https:\/\/albatrosrealestate.com\/de\/wp-json\/wp\/v2\/property_type?post=79930"},{"taxonomy":"property_status","embeddable":true,"href":"https:\/\/albatrosrealestate.com\/de\/wp-json\/wp\/v2\/property_status?post=79930"},{"taxonomy":"property_feature","embeddable":true,"href":"https:\/\/albatrosrealestate.com\/de\/wp-json\/wp\/v2\/property_feature?post=79930"},{"taxonomy":"property_label","embeddable":true,"href":"https:\/\/albatrosrealestate.com\/de\/wp-json\/wp\/v2\/property_label?post=79930"},{"taxonomy":"property_city","embeddable":true,"href":"https:\/\/albatrosrealestate.com\/de\/wp-json\/wp\/v2\/property_city?post=79930"},{"taxonomy":"property_area","embeddable":true,"href":"https:\/\/albatrosrealestate.com\/de\/wp-json\/wp\/v2\/property_area?post=79930"}],"curies":[{"name":"wp","href":"https:\/\/api.w.org\/{rel}","templated":true}]}}

Eine 22 m² große Gewerbefläche im Zentrum von Bar ist zu vermieten

<p>Ich vermiete eine 22 m² große Gewerbefläche im Erdgeschoss eines Gebäudes in der Nähe des Grünen Marktes. Die Fläche entspricht den Bildern. Sie verfügt über ein Badezimmer und einen großen Kühlschrank für Fleisch, der auf Wunsch im Mietpreis enthalten ist.<br />
Die Gewerbefläche wird ganzjährig vermietet und kostet 350 Euro pro Monat zuzüglich Nebenkosten. Die Zahlung setzt sich aus der ersten Monatsmiete und einer Kaution zusammen.</p>
<p>Bei Interesse senden Sie mir bitte einen Link über WhatsApp. Meine Telefonnummer ist +38269218866. Ich melde mich schnellstmöglich bei Ihnen. Unsere Bürozeiten sind Montag bis Freitag von 8:00 bis 16:00 Uhr. Wir befinden uns in der Nähe der Cryena Banka, in der Reihe mit dem Restaurant North. Sie finden uns auf Google Maps: https://maps.app.goo.gl/dkwrDyye5EAEWRJh9</p>

<p>Ich vermiete eine 22 m² große Gewerbefläche im Erdgeschoss eines Gebäudes in der Nähe des Grünen Marktes. Die Fläche entspricht den Bildern. Sie verfügt über ein Badezimmer und einen großen Kühlschrank für Fleisch, der auf Wunsch im Mietpreis enthalten ist. Die Gewerbefläche wird ganzjährig vermietet und kostet 350 Euro pro Monat zuzüglich Nebenkosten. Die Zahlung [&hellip;]</p>

Bar, Opština Bar, Crna Gora / Црна Гора
